37 - (-30 - (71 + -88))).
53
What is -40 + (71 - (-55 + 104)) + (-2 - 43)?
-63
Evaluate -39 - (-41 + (38 - (16 - 4))).
-24
Evaluate (-29 - -16 - -9) + -24 - (-13 - -2).
-17
Calculate 27 - (-12 + (-19 - -24) + 5).
29
What is -3 + (44 - 93 - -17 - 44)?
-79
Calculate -16 + (46 - -41 - 53).
18
-55 - (30 - 16 - 6 - (12 + -1 + -7))
-59
90 - (16 + (8 - -57))
9
What is 1 + 88 - (-536 + 584)?
41
What is 10 + -13 - (-7 - (-4 - -7)) - 84?
-77
Evaluate -49 + (46 - (-15 + -7)).
19
Evaluate 38 + 38 + (21 - 0) + -31.
66
Calculate 15 + 52 + -3 - -20.
84
What is the value of 25 + -8 + 22 + -12 + 2 + (-1 - 5)?
23
Evaluate -41 + 15 + (9 - (16 - -3)) + 6.
-30
-34 + 45 + -53 - -19
-23
What is the value of 7 + 4 + -44 + 38 - -2?
7
What is 1169 + -1120 - (32 + 1)?
16
What is 8 - (15 - (4 + -1)) - ((-4 - -9) + 1)?
-10
Evaluate -140 - (-197 - (-152 - -62)).
-33
52 + 12 + -21 + -67
-24
-16 + -2 + -4 + -14 + 24 - 13
-25
Calculate 14 + 2 + (-4 - -2) - ((244 - 595) + 366).
-1
Evaluate 152 + 14 + (-6 - -34 - 66).
128
What is (-47 - 9 - -63) + (18 + -14 - (0 + 46))?
-35
78 + (1 - 3) - (-44 - -20)
100
What is the value of (-105 - -2) + 116 + -73?
-60
Calculate -84 + 82 + (-74 - -39).
-37
Evaluate 99 - (21 - (19 + -11 + -8)) - (1 - -9).
68
53 - (69 - -74 - 27)
-63
Evaluate (541 - 499) + 8 + 2.
52
(3 - 6 - (5 - 2)) + -68 + 86
12
What is the value of -23 + 1 - (-28 - -19)?
-13
Evaluate 46 + (-209 - (-83 - 33)).
-47
Calculate -8 + 2 + (-42 - (17 - (29 - (-1 - -16)))).
-51
Evaluate (-8 - ((4 - (-1 + 21)) + 7)) + -98.
-97
78 + (-292 - -150) + 58
-6
2 + -123 - (-3471 + 3314)
36
-185 - -140 - (7 - -1)
-53
Evaluate 20 - -1 - (-574 - -562).
33
What is -30 + 5 - -6 - (12 + -20)?
-11
What is the value of -36 + (67 - -45) - (-3 - 7 - (1 + -3))?
84
What is 6 + (44 - 6) + (-5 - (-8 + 10)) - -12?
49
What is -10 - (((20 - 13) + 17 - 11) + -49)?
26
What is -18 - -13 - -8 - (6 - 3 - -16)?
-16
Calculate -72 - (40 + -125) - (104 - (1 + (-3 - 1))).
-94
Evaluate 26 + -33 - (40 + (10 - 27)).
-30
Calculate (449 - 99) + -363 + (-23 - (2 + -1)).
-37
Calculate 22 - (0 - -23 - -2) - -47.
44
Calculate 37 + (-24 - 10) - (11 + 6).
-14
Calculate -19 + 47 + -36 + -15 + -36.
-59
What is the value of (-9 - -14 - (2 - -1)) + (-6 - (-52 - -1))?
47
Evaluate 2 - (-5 - (-1 + -13) - -30).
-37
0 - (-3 - (0 - (2 + 9) - -13))
5
-53 + (13 - -8 - (-2 + 47))
-77
What is the value of (6 + -1 - (41 + (-120 - -30) - -39)) + 102?
117
Calculate (-57 - (-11 + -26)) + (0 - -12) - -19.
11
5 + -82 - (6 + -12 + 3 + 1)
-75
What is the value of -26 + (46 - -3) + 14?
37
What is the value of -46 + 176 + -47 - (7 + 6)?
70
13 - (43 + -65) - -12
47
What is 85 + (-9 - (35 + (-54 - -24)))?
71
Evaluate (-15 - 6 - -9) + 12 + -6 + -15.
-21
What is (-44 - -48) + (53 - (6 + 0) - 8)?
43
What is (3 + -52 - -3 - 9) + 16?
-39
Calculate 8 + -14 + (-14 + 13 + -15 - 22).
-44
What is the value of ((-6 - 45) + -4 - -10 - -6) + (-37 - -29)?
-47
Evaluate (106 - 185) + 9 + -2 + -6.
-78
Calculate (1 - (0 + 3)) + -10 + (-234 - -70 - -39).
-137
Calculate 0 + 13 + (13 - 8 - 12 - -57).
63
What is 0 + (13 - -154) - (1 + 45)?
121
-12 - 0 - (71 + (-21 - (-25 - (-13 + 13))))
-87
What is (-4 - 53) + 0 - (5 + -41 + 15 + 12)?
-48
(-21 - -46) + (32 - 95)
-38
Evaluate -19 + -4 - (-28 + (1 - -4) + 10).
-10
What is -68 - (64 + -43 + -32)?
-57
(-85 - -24) + (-38 - -77)
-22
What is the value of (2 - 0 - (-24 + 13 + 18 + 0)) + 72?
67
What is the value of -3 + -4 - -22 - (-40 - -11)?
44
What is the value of -4 + -34 + (-9 - -12 - (29 - 31))?
-33
(-3 - 0 - (-1294 + 1246)) + 1 + -6
40
Evaluate -192 + -42 - -185 - (28 + 0).
-77
(44 - 85 - 21) + -4 + 3 + 19
-44
What is the value of (15 - (-27 + 45)) + 33 + -107?
-77
What is the value of 0 - -41 - (-16 + 10) - (20 + -13) - -4?
44
Calculate 100 - (79 + -83 - -178).
-74
What is -19 - (7 + -3) - (1416 - 1412)?
-27
Evaluate -7 + -1 + 95 + -79 + (1 - (-6 - 8)).
23
What is 12 + -36 + -6 - (6 - (26 + -8))?
-18
Calculate (0 + 19 - (11 + -8 + 26 + -15)) + 87.
92
What is the value of -8 + (1 + -1 - (256 + -245 + (3 - 34)))?
12
2 + -4 + -14 + -100 + 27 + -8
-97
What is the value of (-96 - -48) + (5 - -17) + 31?
5
What is the value of -34 - (-24 + 2) - -51?
39
(47 - 10 - 2) + -18 - (-1 - 23)
41
3 + 16 - 10 - (7 - 2) - 14
-10
Calculate -32 + 23 + 2 - (5 - 1).
-11
Evaluate -55 - -40 - (1 - (10 + 0)) - (-3 + -39).
36
What is the value of (383 + -357 - (2 + 59)) + 87?
52
-3 - ((-20 - (-23 + 5)) + 25)
-26
Calculate -17 + 40 + -3 + 3.
23
What is (-2 - (6 - 0)) + 25 + -12 + 42?
47
Calculate -8 - ((3 - 44) + (5 - 19) + 5).
42
What is 15 + 6 + -9 - (-3 - (-5 - -15))?
25
What is the value of (-16 - (-8 - 49)) + -89?
-48
Calculate 3 + -15 + (826 - 803).
11
What is -14 + 75 + (10 - -1 - (-6 + -17 + 21))?
74
-9 + (-1 - -1) + (4 - (-21 - -18) - -30)
28
Evaluate -11 - 9 - -12 - (5 - (-5 + 3 - -5)).
-10
What is the value of 7 + (11 - (-4 - 20)) + -19?
23
Calculate 1 + 0 - (10 + (-18 - 12) + 22) - -56.
55
Evaluate 163 + -15 + -53 + -142.
-47
Calculate (-14 - -38) + -14 + -63 + 101.
48
Calculate 17 + (-3 - -1) + (-55 - -52) + 19.
31
Calculate -5 + -3 + 28 + -9 + 22.
33
Evaluate -4710 - -4558 - (-2 + -268).
118
-17 - ((-61 + 23 - 7) + (-1 - -15))
14
Calculate 40 + (-5 - (21 + -7)) + -11.
10
Calculate (-50 - (-11 + 6)) + (-15 - 12 - -13 - -8).
-51
What is 48 + 15 + -51 - 6?
6
Calculate -7 - (10 - (15 + (1 - 19) - 37)).
-57
What is 2 - 12 - (-24 + 64) - -2?
-48
(312 - 342) + (0 - -4) + -9
-35
Evaluate 5 - 0 - 1 - (12 - (0 + 5)) - 3.
-6
-80 + (60 - 75) + 48
-47
What is the value of -19 + -9 + 25 + 19 + 3 + 1 + 7?
27
What is the value of (2 - -28) + -22 - (-51 + 5)?
54
Calculate 1 + -17 + (25 - 24) + 4 + (3 - 2).
-10
What is 127 - 106 - (4 + -2 + 3 - -5)?
11
What is the value of -3 - (66 + 26 + -38)?
-57
Evaluate (3 - ((-23 - 7) + 13 - 2 - -13)) + -7.
2
Evaluate 1699 + -1686 + (-3 - -11) + 1.
22
What is -11 - (-4 - -10) - 97 - 4 - (12 - 4)?
-126
What is (85 - (198 + -79)) + -32?
-66
What is 34 - (3 - (-3 - (-1 + -3)) - (-3 + 7))?
36
Calculate -3 - 0 - 3 - (-54 + 43 + -33).
38
Calculate (-15 - (-7 + 3)) + 9 + -8 + 15 + 47.
52
Calculate 578 + -525 + (2 - 19) + -72.
-36
What is 63 + -70 + 13 - (-20 + 2) - -11?
35
Evaluate (9 - ((17 - -8) + -15)) + (-1 - (-2 - -27)).
-27
Calculate -22 + 23 + -20 + 38 - -61.
80
Evaluate -57 - (-32 + 33 - 124).
66
-20 + 24 + -6 + 1 + 12 + 0
11
What is (-2 - -3) + (-16 - -7 - 9) + 75?
58
Evaluate 84 - (-5 - -4 - 0) - (-120 - -107).
98
Calculate 6 - (8 - -1) - (8 + (-12 - 6)).
7
Evaluate (2 - (-2 - -12)) + (2 - (9 - (22 - 60))).
-53
What is the value of (-1104 - -1116) + (34 - 1)?
45
Evaluate (-5 - -27 - 26) + (-47 - (-3 + 2 + 2)).
-52
What is 95 - (-4 + (-15 - -13) + -18 + 28)?
91
-1 - 46 - (17 + -114)
50
What is the value of 32 + 50 + -41 + -45?
-4
5083 - 5096 - (62 - (-2 + 5))
-72
Evaluate 0 + 15 + -21 + -3 + -28 + 0.
-37
What is 28 + -47 + -6 - -13 - 8?
-20
Calculate 7 - (39 - (12 + -17)) - -7 - 6.
-36
Calculate 31 - (-25 + -10 + 11 + 0).
55
Evaluate -222 + 231 + (16 - -1) + -16 - -106.
116
Evaluate (44 + -37 - 25 - -25) + (-22 - (-4 - -2)).
-13
16 - (-884 + 819 - (-39 + 1))
43
-1 + 9 + 0 + 73 + (35 - 24) + -16
76
Calculate -26 - ((12 - 10) + (-11 - 5)) - 12.
-24
Evaluate -12 - -60 - (-137 - -204).
-19
What is the value of -4505 + 4519 + (-12 + -1 - (-2 + 2))?
1
-36 + (37 - -21) - (-16 + 61)
-23
Evaluate 4 + -2 + 6 + (14 + -11 + -5 - 25).
-19
What is -4 - (1 - 47) - (5 - ((28 - 10) + -14))?
41
What is the value of 57 + (-74 - 17) - (-16 + -1)?
-17
What is (-110 - (-40 - 6)) + 154?
90
What is the value of 68 + (-31 + (-14 - -12) - -15)?
50
-9 + 0 + (2 - 14) + (-19 - -40) - 73
-73
What is 48 + 25 + 31 + -146?
-42
What is 0 - (2 + 38) - (118 + -127)?
-31
(-55 - -1) + (-151 - -73) + 94
-38
Calculate (-55 - -101) + (-135 - -109).
20
What is -40 + (-49 + 85 - (17 + -8))?
-13
Calculate 1974 + -1939 + 0 + 35.
70
-1 + -30 + 255 + -206
18
What is 16 + (34 - -27) - (24 - 4)?
57
-45 + -6 + -5 + (9 - 30)
-77
Evaluate (-12 - -5 - 2) + 11 + (-15 - -31).
18
Calculate (8 + 14 - 2) + (21 - 29) - 5.
7
Calculate 59 + (-5 - (-11 + 83)).
-18
-30 + 12 + (-7 - (-23 - -9)) + -11
-22
What is the value of -17 - (9 - (38 - 13)) - (-1 - -70)?
-70
Evaluate (-4 - 1 - -1) + (-25 - -83) + -48 - -69.
75
Calculate -104 + (66 - 0) + 93.
55
What is the value of 24 - 8